{"id":128,"date":"2018-05-29T08:26:41","date_gmt":"2018-05-29T08:26:41","guid":{"rendered":"http:\/\/synergyksiegowy.pl\/?page_id=128"},"modified":"2018-05-30T14:41:07","modified_gmt":"2018-05-30T12:41:07","slug":"oferta","status":"publish","type":"page","link":"https:\/\/synergyksiegowy.pl\/?page_id=128","title":{"rendered":"Us\u0142ugi"},"content":{"rendered":"\t\t<div data-elementor-type=\"wp-page\" data-elementor-id=\"128\" class=\"elementor elementor-128 elementor-bc-flex-widget\">\n\t\t\t\t\t\t<div class=\"elementor-inner\">\n\t\t\t\t<div class=\"elementor-section-wrap\">\n\t\t\t\t\t\t\t\t\t<section class=\"elementor-section elementor-top-section elementor-element elementor-element-9d1ee65 elementor-section-boxed elementor-section-height-default elementor-section-height-default\" data-id=\"9d1ee65\" data-element_type=\"section\">\n\t\t\t\t\t\t<div class=\"elementor-container elementor-column-gap-default\">\n\t\t\t\t\t\t\t<div class=\"elementor-row\">\n\t\t\t\t\t<div class=\"elementor-column elementor-col-100 elementor-top-column elementor-element elementor-element-e06ac6f\" data-id=\"e06ac6f\" data-element_type=\"column\">\n\t\t\t<div class=\"elementor-column-wrap elementor-element-populated\">\n\t\t\t\t\t\t\t<div class=\"elementor-widget-wrap\">\n\t\t\t\t\t\t<div class=\"elementor-element elementor-element-44d0d0e elementor-widget elementor-widget-heading\" data-id=\"44d0d0e\" data-element_type=\"widget\" data-widget_type=\"heading.default\">\n\t\t\t\t<div class=\"elementor-widget-container\">\n\t\t\t<h2 class=\"elementor-heading-title elementor-size-default\">\nBIURO RACHUNKOWE SYNERGY oferuje kompleksow\u0105 obs\u0142ug\u0119 ksi\u0119gow\u0105 przedsi\u0119biorc\u00f3w i innych podmiot\u00f3w, takich jak:\n<\/h2>\t\t<\/div>\n\t\t\t\t<\/div>\n\t\t\t\t\t\t<\/div>\n\t\t\t\t\t<\/div>\n\t\t<\/div>\n\t\t\t\t\t\t\t\t<\/div>\n\t\t\t\t\t<\/div>\n\t\t<\/section>\n\t\t\t\t<section class=\"elementor-section elementor-top-section elementor-element elementor-element-f93055b elementor-section-boxed elementor-section-height-default elementor-section-height-default\" data-id=\"f93055b\" data-element_type=\"section\">\n\t\t\t\t\t\t<div class=\"elementor-container elementor-column-gap-default\">\n\t\t\t\t\t\t\t<div class=\"elementor-row\">\n\t\t\t\t\t<div class=\"elementor-column elementor-col-100 elementor-top-column elementor-element elementor-element-df25082\" data-id=\"df25082\" data-element_type=\"column\">\n\t\t\t<div class=\"elementor-column-wrap elementor-element-populated\">\n\t\t\t\t\t\t\t<div class=\"elementor-widget-wrap\">\n\t\t\t\t\t\t<div class=\"elementor-element elementor-element-b1fa2b0 elementor-widget elementor-widget-text-editor\" data-id=\"b1fa2b0\" data-element_type=\"widget\" data-widget_type=\"text-editor.default\">\n\t\t\t\t<div class=\"elementor-widget-container\">\n\t\t\t\t\t\t\t\t<div class=\"elementor-text-editor elementor-clearfix\">\n\t\t\t\t<ul><li>\u00a0Sp\u00f3\u0142ki:<\/li><\/ul><p>\u2003a) kapita\u0142owe (akcyjne, z ograniczon\u0105 odpowiedzialno\u015bci\u0105)<\/p><p>\u2003b) osobowe (jawne, partnerskie, komandytowe, komandytowo-akcyjne)<\/p><ul><li>\u00a0Stowarzyszenia<\/li><li>Fundacje<\/li><li>Osoby fizyczne prowadz\u0105ce dzia\u0142alno\u015b\u0107 gospodarcz\u0105\u00a0<\/li><\/ul>\t\t\t\t\t<\/div>\n\t\t\t\t\t\t<\/div>\n\t\t\t\t<\/div>\n\t\t\t\t\t\t<\/div>\n\t\t\t\t\t<\/div>\n\t\t<\/div>\n\t\t\t\t\t\t\t\t<\/div>\n\t\t\t\t\t<\/div>\n\t\t<\/section>\n\t\t\t\t\t\t\t\t\t<\/div>\n\t\t\t<\/div>\n\t\t\t\t\t<\/div>\n\t\t","protected":false},"excerpt":{"rendered":"<p>BIURO RACHUNKOWE SYNERGY oferuje kompleksow\u0105 obs\u0142ug\u0119 ksi\u0119gow\u0105 przedsi\u0119biorc\u00f3w i innych podmiot\u00f3w, takich jak: \u00a0Sp\u00f3\u0142ki: \u2003a) kapita\u0142owe (akcyjne, z ograniczon\u0105 odpowiedzialno\u015bci\u0105) \u2003b) osobowe (jawne, partnerskie, komandytowe, komandytowo-akcyjne) \u00a0Stowarzyszenia Fundacje Osoby fizyczne prowadz\u0105ce dzia\u0142alno\u015b\u0107 gospodarcz\u0105\u00a0<\/p>\n","protected":false},"author":1,"featured_media":0,"parent":0,"menu_order":0,"comment_status":"closed","ping_status":"closed","template":"","meta":[],"_links":{"self":[{"href":"https:\/\/synergyksiegowy.pl\/index.php?rest_route=\/wp\/v2\/pages\/128"}],"collection":[{"href":"https:\/\/synergyksiegowy.pl\/index.php?rest_route=\/wp\/v2\/pages"}],"about":[{"href":"https:\/\/synergyksiegowy.pl\/index.php?rest_route=\/wp\/v2\/types\/page"}],"author":[{"embeddable":true,"href":"https:\/\/synergyksiegowy.pl\/index.php?rest_route=\/wp\/v2\/users\/1"}],"replies":[{"embeddable":true,"href":"https:\/\/synergyksiegowy.pl\/index.php?rest_route=%2Fwp%2Fv2%2Fcomments&post=128"}],"version-history":[{"count":3,"href":"https:\/\/synergyksiegowy.pl\/index.php?rest_route=\/wp\/v2\/pages\/128\/revisions"}],"predecessor-version":[{"id":214,"href":"https:\/\/synergyksiegowy.pl\/index.php?rest_route=\/wp\/v2\/pages\/128\/revisions\/214"}],"wp:attachment":[{"href":"https:\/\/synergyksiegowy.pl\/index.php?rest_route=%2Fwp%2Fv2%2Fmedia&parent=128"}],"curies":[{"name":"wp","href":"https:\/\/api.w.org\/{rel}","templated":true}]}}