{"id":197,"date":"2018-05-30T13:13:44","date_gmt":"2018-05-30T11:13:44","guid":{"rendered":"http:\/\/synergyksiegowy.pl\/?page_id=197"},"modified":"2018-05-30T14:46:41","modified_gmt":"2018-05-30T12:46:41","slug":"uslugi-ksiegowe","status":"publish","type":"page","link":"https:\/\/synergyksiegowy.pl\/?page_id=197","title":{"rendered":"Us\u0142ugi Ksi\u0119gowe"},"content":{"rendered":"\t\t<div data-elementor-type=\"wp-post\" data-elementor-id=\"197\" class=\"elementor elementor-197 elementor-bc-flex-widget\">\n\t\t\t\t\t\t<div class=\"elementor-inner\">\n\t\t\t\t<div class=\"elementor-section-wrap\">\n\t\t\t\t\t\t\t\t\t<section class=\"elementor-section elementor-top-section elementor-element elementor-element-192bdc8 elementor-section-boxed elementor-section-height-default elementor-section-height-default\" data-id=\"192bdc8\" data-element_type=\"section\">\n\t\t\t\t\t\t<div class=\"elementor-container elementor-column-gap-default\">\n\t\t\t\t\t\t\t<div class=\"elementor-row\">\n\t\t\t\t\t<div class=\"elementor-column elementor-col-100 elementor-top-column elementor-element elementor-element-bf37e74\" data-id=\"bf37e74\" data-element_type=\"column\">\n\t\t\t<div class=\"elementor-column-wrap elementor-element-populated\">\n\t\t\t\t\t\t\t<div class=\"elementor-widget-wrap\">\n\t\t\t\t\t\t<div class=\"elementor-element elementor-element-75e9070 elementor-widget elementor-widget-heading\" data-id=\"75e9070\" data-element_type=\"widget\" data-widget_type=\"heading.default\">\n\t\t\t\t<div class=\"elementor-widget-container\">\n\t\t\t<h2 class=\"elementor-heading-title elementor-size-default\">W ramach obs\u0142ugi ksi\u0119gowej zapewniamy:<\/h2>\t\t<\/div>\n\t\t\t\t<\/div>\n\t\t\t\t\t\t<\/div>\n\t\t\t\t\t<\/div>\n\t\t<\/div>\n\t\t\t\t\t\t\t\t<\/div>\n\t\t\t\t\t<\/div>\n\t\t<\/section>\n\t\t\t\t<section class=\"elementor-section elementor-top-section elementor-element elementor-element-5026ee2 elementor-section-boxed elementor-section-height-default elementor-section-height-default\" data-id=\"5026ee2\" data-element_type=\"section\">\n\t\t\t\t\t\t<div class=\"elementor-container elementor-column-gap-default\">\n\t\t\t\t\t\t\t<div class=\"elementor-row\">\n\t\t\t\t\t<div class=\"elementor-column elementor-col-100 elementor-top-column elementor-element elementor-element-7a1f332\" data-id=\"7a1f332\" data-element_type=\"column\">\n\t\t\t<div class=\"elementor-column-wrap elementor-element-populated\">\n\t\t\t\t\t\t\t<div class=\"elementor-widget-wrap\">\n\t\t\t\t\t\t<div class=\"elementor-element elementor-element-6417607 elementor-widget elementor-widget-text-editor\" data-id=\"6417607\" data-element_type=\"widget\" data-widget_type=\"text-editor.default\">\n\t\t\t\t<div class=\"elementor-widget-container\">\n\t\t\t\t\t\t\t\t<div class=\"elementor-text-editor elementor-clearfix\">\n\t\t\t\t<ul><li>obs\u0142ug\u0119 dzia\u0142alno\u015bci w formie karty podatkowej,<\/li><li>prowadzenie podatkowej ksi\u0119gi przychod\u00f3w i rozchod\u00f3w,<\/li><li>prowadzenie ewidencji przychod\u00f3w dla cel\u00f3w zrycza\u0142towanego podatku dochodowego,<\/li><li>prowadzenie ksi\u0105g handlowych,<\/li><li>sporz\u0105dzanie deklaracji wst\u0119pnych i ostatecznych z tytu\u0142u podatku dochodowego,<\/li><li>prowadzenie rejestr\u00f3w sprzeda\u017cy i zakup\u00f3w dla cel\u00f3w podatku vat,<\/li><li>przygotowanie i wysy\u0142anie plik\u00f3w jpk,<\/li><li>prowadzenie ewidencji \u015brodk\u00f3w trwa\u0142ych, warto\u015bci niematerialnych i prawnych oraz wyposa\u017cenia,<\/li><li>sporz\u0105dzanie i wysy\u0142anie miesi\u0119cznych i kwartalnych deklaracji podatkowych,<\/li><li>przygotowywanie i modyfikowanie zak\u0142adowych plan\u00f3w kont,<\/li><li>sporz\u0105dzanie bilansu, rachunku \u00a0zysk\u00f3w i strat, przep\u0142ywu \u015brodk\u00f3w pieni\u0119\u017cnych, zmian w kapita\u0142ach.<\/li><\/ul>\t\t\t\t\t<\/div>\n\t\t\t\t\t\t<\/div>\n\t\t\t\t<\/div>\n\t\t\t\t\t\t<\/div>\n\t\t\t\t\t<\/div>\n\t\t<\/div>\n\t\t\t\t\t\t\t\t<\/div>\n\t\t\t\t\t<\/div>\n\t\t<\/section>\n\t\t\t\t\t\t\t\t\t<\/div>\n\t\t\t<\/div>\n\t\t\t\t\t<\/div>\n\t\t","protected":false},"excerpt":{"rendered":"<p>W ramach obs\u0142ugi ksi\u0119gowej zapewniamy: obs\u0142ug\u0119 dzia\u0142alno\u015bci w formie karty podatkowej, prowadzenie podatkowej ksi\u0119gi przychod\u00f3w i rozchod\u00f3w, prowadzenie ewidencji przychod\u00f3w dla cel\u00f3w zrycza\u0142towanego podatku dochodowego, prowadzenie ksi\u0105g handlowych, sporz\u0105dzanie deklaracji wst\u0119pnych i ostatecznych z tytu\u0142u podatku dochodowego, prowadzenie rejestr\u00f3w sprzeda\u017cy i zakup\u00f3w dla cel\u00f3w podatku vat, przygotowanie i wysy\u0142anie plik\u00f3w jpk, prowadzenie ewidencji \u015brodk\u00f3w trwa\u0142ych, [&hellip;]<\/p>\n","protected":false},"author":1,"featured_media":0,"parent":0,"menu_order":0,"comment_status":"closed","ping_status":"closed","template":"","meta":[],"_links":{"self":[{"href":"https:\/\/synergyksiegowy.pl\/index.php?rest_route=\/wp\/v2\/pages\/197"}],"collection":[{"href":"https:\/\/synergyksiegowy.pl\/index.php?rest_route=\/wp\/v2\/pages"}],"about":[{"href":"https:\/\/synergyksiegowy.pl\/index.php?rest_route=\/wp\/v2\/types\/page"}],"author":[{"embeddable":true,"href":"https:\/\/synergyksiegowy.pl\/index.php?rest_route=\/wp\/v2\/users\/1"}],"replies":[{"embeddable":true,"href":"https:\/\/synergyksiegowy.pl\/index.php?rest_route=%2Fwp%2Fv2%2Fcomments&post=197"}],"version-history":[{"count":3,"href":"https:\/\/synergyksiegowy.pl\/index.php?rest_route=\/wp\/v2\/pages\/197\/revisions"}],"predecessor-version":[{"id":215,"href":"https:\/\/synergyksiegowy.pl\/index.php?rest_route=\/wp\/v2\/pages\/197\/revisions\/215"}],"wp:attachment":[{"href":"https:\/\/synergyksiegowy.pl\/index.php?rest_route=%2Fwp%2Fv2%2Fmedia&parent=197"}],"curies":[{"name":"wp","href":"https:\/\/api.w.org\/{rel}","templated":true}]}}